{"id":433,"date":"2025-07-26T16:17:27","date_gmt":"2025-07-26T14:17:27","guid":{"rendered":"http:\/\/lescigognesaugolf.fr\/?post_type=product&#038;p=433"},"modified":"2025-08-11T10:43:33","modified_gmt":"2025-08-11T08:43:33","slug":"pull-de-golf-homme-les-cigognes-au-golf","status":"publish","type":"product","link":"https:\/\/lescigognesaugolf.fr\/?product=pull-de-golf-homme-les-cigognes-au-golf","title":{"rendered":"pull de golf homme \u00ab\u00a0Les Cigognes au Golf\u00a0\u00bb"},"content":{"rendered":"<p>[et_pb_section fb_built=\u00a0\u00bb1&Prime; _builder_version=\u00a0\u00bb4.16&Prime; custom_padding=\u00a0\u00bb0px||||false|false\u00a0\u00bb][et_pb_row _builder_version=\u00a0\u00bb4.16&Prime; background_size=\u00a0\u00bbinitial\u00a0\u00bb background_position=\u00a0\u00bbtop_left\u00a0\u00bb background_repeat=\u00a0\u00bbrepeat\u00a0\u00bb width=\u00a0\u00bb100%\u00a0\u00bb custom_padding=\u00a0\u00bb0px||0px||false|false\u00a0\u00bb global_colors_info=\u00a0\u00bb{}\u00a0\u00bb][et_pb_column type=\u00a0\u00bb4_4&Prime; _builder_version=\u00a0\u00bb4.16&Prime; custom_padding=\u00a0\u00bb|||\u00a0\u00bb global_colors_info=\u00a0\u00bb{}\u00a0\u00bb custom_padding__hover=\u00a0\u00bb|||\u00a0\u00bb][et_pb_wc_breadcrumb _builder_version=\u00a0\u00bb4.16&Prime; global_colors_info=\u00a0\u00bb{}\u00a0\u00bb][\/et_pb_wc_breadcrumb][et_pb_wc_cart_notice _builder_version=\u00a0\u00bb4.16&Prime; global_colors_info=\u00a0\u00bb{}\u00a0\u00bb][\/et_pb_wc_cart_notice][\/et_pb_column][\/et_pb_row][et_pb_row column_structure=\u00a0\u00bb1_2,1_2&Prime; _builder_version=\u00a0\u00bb4.16&Prime; background_size=\u00a0\u00bbinitial\u00a0\u00bb background_position=\u00a0\u00bbtop_left\u00a0\u00bb background_repeat=\u00a0\u00bbrepeat\u00a0\u00bb width=\u00a0\u00bb100%\u00a0\u00bb custom_padding=\u00a0\u00bb0px||||false|false\u00a0\u00bb global_colors_info=\u00a0\u00bb{}\u00a0\u00bb][et_pb_column type=\u00a0\u00bb1_2&Prime; _builder_version=\u00a0\u00bb4.16&Prime; custom_padding=\u00a0\u00bb|||\u00a0\u00bb global_colors_info=\u00a0\u00bb{}\u00a0\u00bb custom_padding__hover=\u00a0\u00bb|||\u00a0\u00bb][et_pb_wc_images _builder_version=\u00a0\u00bb4.27.4&Prime; global_colors_info=\u00a0\u00bb{}\u00a0\u00bb][\/et_pb_wc_images][\/et_pb_column][et_pb_column type=\u00a0\u00bb1_2&Prime; _builder_version=\u00a0\u00bb4.16&Prime; custom_padding=\u00a0\u00bb|||\u00a0\u00bb global_colors_info=\u00a0\u00bb{}\u00a0\u00bb custom_padding__hover=\u00a0\u00bb|||\u00a0\u00bb][et_pb_wc_title admin_label=\u00a0\u00bbTitre du produit Woo\u00a0\u00bb _builder_version=\u00a0\u00bb4.27.4&Prime; global_colors_info=\u00a0\u00bb{}\u00a0\u00bb][\/et_pb_wc_title][et_pb_wc_rating _builder_version=\u00a0\u00bb4.27.4&Prime; global_colors_info=\u00a0\u00bb{}\u00a0\u00bb][\/et_pb_wc_rating][et_pb_wc_price _builder_version=\u00a0\u00bb4.16&Prime; global_colors_info=\u00a0\u00bb{}\u00a0\u00bb][\/et_pb_wc_price][et_pb_wc_description _builder_version=\u00a0\u00bb4.16&Prime; global_colors_info=\u00a0\u00bb{}\u00a0\u00bb][\/et_pb_wc_description][et_pb_wc_add_to_cart _builder_version=\u00a0\u00bb4.16&Prime; global_colors_info=\u00a0\u00bb{}\u00a0\u00bb][\/et_pb_wc_add_to_cart][et_pb_wc_meta _builder_version=\u00a0\u00bb4.16&Prime; global_colors_info=\u00a0\u00bb{}\u00a0\u00bb][\/et_pb_wc_meta][\/et_pb_column][\/et_pb_row][et_pb_row _builder_version=\u00a0\u00bb4.16&Prime; background_size=\u00a0\u00bbinitial\u00a0\u00bb background_position=\u00a0\u00bbtop_left\u00a0\u00bb background_repeat=\u00a0\u00bbrepeat\u00a0\u00bb width=\u00a0\u00bb100%\u00a0\u00bb global_colors_info=\u00a0\u00bb{}\u00a0\u00bb][et_pb_column type=\u00a0\u00bb4_4&Prime; _builder_version=\u00a0\u00bb4.16&Prime; custom_padding=\u00a0\u00bb|||\u00a0\u00bb global_colors_info=\u00a0\u00bb{}\u00a0\u00bb custom_padding__hover=\u00a0\u00bb|||\u00a0\u00bb][et_pb_wc_tabs _builder_version=\u00a0\u00bb4.16&Prime; global_colors_info=\u00a0\u00bb{}\u00a0\u00bb] [\/et_pb_wc_tabs][et_pb_wc_upsells _builder_version=\u00a0\u00bb4.16&Prime; global_colors_info=\u00a0\u00bb{}\u00a0\u00bb][\/et_pb_wc_upsells][et_pb_wc_related_products _builder_version=\u00a0\u00bb4.16&Prime; global_colors_info=\u00a0\u00bb{}\u00a0\u00bb][\/et_pb_wc_related_products][\/et_pb_column][\/et_pb_row][\/et_pb_section]<\/p>\n","protected":false},"excerpt":{"rendered":"<p>D\u00e9couvrez le <b>pull col V homme \u00ab\u00a0Les Cigognes au Golf\u00a0\u00bb<\/b>, un essentiel <b>\u00e9l\u00e9gant et confortable<\/b> pour un style impeccable. Ce pull <b>deep blue<\/b> est brod\u00e9 \u00e0 l&rsquo;avant avec le logo des \u00ab\u00a0Cigognes au Golf\u00a0\u00bb, avec la possibilit\u00e9 d&rsquo;y ajouter un pr\u00e9nom. Sa <b>coupe ajust\u00e9e<\/b> et sa mati\u00e8re douce (50% coton \/ 50% acrylique) garantissent un <b>tomb\u00e9 parfait<\/b> et un confort l\u00e9ger.<\/p>\n","protected":false},"featured_media":625,"comment_status":"open","ping_status":"closed","template":"","meta":{"_et_pb_use_builder":"on","_et_pb_old_content":"D\u00e9couvrez le pull col V homme \"Les Cigognes au Golf\", l'\u00e9quilibre parfait entre <b>\u00e9l\u00e9gance<\/b> et <b>confort<\/b> pour une allure tendance sur et en dehors du green. Ce pull <b>deep blue<\/b> est d\u00e9licatement brod\u00e9 \u00e0 l'avant avec le logo \"Les Cigognes au Golf\", offrant la possibilit\u00e9 d'y ajouter un pr\u00e9nom pour une touche personnalis\u00e9e et unique.\r\n\r\nCon\u00e7u pour un <b>tomb\u00e9 impeccable<\/b>, sa <b>coupe ajust\u00e9e<\/b> pour un tomb\u00e9 impeccable mettra \u00e9l\u00e9gamment votre silhouette en valeur. Sa <b>texture l\u00e9g\u00e8re et confortable<\/b>, gr\u00e2ce \u00e0 un m\u00e9lange de <b>50% coton et 50% acrylique<\/b>, vous assure une sensation douce et agr\u00e9able \u00e0 porter. Le <b>bord-c\u00f4te du col double \u00e9paisseur<\/b> et la <b>bande de propret\u00e9 \u00e0 l'encolure<\/b> t\u00e9moignent d'une confection soign\u00e9e et d'une grande qualit\u00e9.\r\n\r\n&nbsp;\r\n<h3>Caract\u00e9ristiques :<\/h3>\r\n<ul>\r\n \t<li><b>Couleur<\/b> : Deep Blue<\/li>\r\n \t<li><b>Broderies<\/b> : Logo \"Les Cigognes au Golf\" \u00e0 l'avant, possibilit\u00e9 d'ajouter un pr\u00e9nom brod\u00e9.<\/li>\r\n \t<li><b>Mati\u00e8re<\/b> : 50% coton \/ 50% acrylique (jauge 12).<\/li>\r\n \t<li><b>D\u00e9tails<\/b> : Coupe ajust\u00e9e, bord-c\u00f4te du col double \u00e9paisseur, bande de propret\u00e9 \u00e0 l'encolure.<\/li>\r\n<\/ul>","_et_gb_content_width":""},"product_brand":[],"product_cat":[27],"product_tag":[58,54],"class_list":{"0":"post-433","1":"product","2":"type-product","3":"status-publish","4":"has-post-thumbnail","6":"product_cat-textiles","7":"product_tag-homme","8":"product_tag-pull","10":"first","11":"instock","12":"shipping-taxable","13":"purchasable","14":"product-type-variable"},"_links":{"self":[{"href":"https:\/\/lescigognesaugolf.fr\/index.php?rest_route=\/wp\/v2\/product\/433","targetHints":{"allow":["GET"]}}],"collection":[{"href":"https:\/\/lescigognesaugolf.fr\/index.php?rest_route=\/wp\/v2\/product"}],"about":[{"href":"https:\/\/lescigognesaugolf.fr\/index.php?rest_route=\/wp\/v2\/types\/product"}],"replies":[{"embeddable":true,"href":"https:\/\/lescigognesaugolf.fr\/index.php?rest_route=%2Fwp%2Fv2%2Fcomments&post=433"}],"wp:featuredmedia":[{"embeddable":true,"href":"https:\/\/lescigognesaugolf.fr\/index.php?rest_route=\/wp\/v2\/media\/625"}],"wp:attachment":[{"href":"https:\/\/lescigognesaugolf.fr\/index.php?rest_route=%2Fwp%2Fv2%2Fmedia&parent=433"}],"wp:term":[{"taxonomy":"product_brand","embeddable":true,"href":"https:\/\/lescigognesaugolf.fr\/index.php?rest_route=%2Fwp%2Fv2%2Fproduct_brand&post=433"},{"taxonomy":"product_cat","embeddable":true,"href":"https:\/\/lescigognesaugolf.fr\/index.php?rest_route=%2Fwp%2Fv2%2Fproduct_cat&post=433"},{"taxonomy":"product_tag","embeddable":true,"href":"https:\/\/lescigognesaugolf.fr\/index.php?rest_route=%2Fwp%2Fv2%2Fproduct_tag&post=433"}],"curies":[{"name":"wp","href":"https:\/\/api.w.org\/{rel}","templated":true}]}}