{"id":335,"date":"2025-07-25T15:16:07","date_gmt":"2025-07-25T13:16:07","guid":{"rendered":"https:\/\/lescigognesaugolf.fr\/?post_type=product&#038;p=335"},"modified":"2025-07-26T16:01:44","modified_gmt":"2025-07-26T14:01:44","slug":"faire-un-don","status":"publish","type":"product","link":"https:\/\/lescigognesaugolf.fr\/?product=faire-un-don","title":{"rendered":"Faire un don"},"content":{"rendered":"<p>Votre g\u00e9n\u00e9rosit\u00e9 est le moteur de nos actions ! Sur cette page, nous vous offrons la possibilit\u00e9 de faire un <b>don \u00e0 l&rsquo;association \u00ab\u00a0Les Cigognes au Golf\u00a0\u00bb<\/b> et de devenir un acteur cl\u00e9 dans nos initiatives. Chaque contribution, qu&rsquo;elle soit grande ou petite, est essentielle et nous permet de concr\u00e9tiser nos engagements.<\/p>\n<p><b>Pourquoi faire un don ?<\/b><\/p>\n<p>En faisant un don aux \u00ab\u00a0Cigognes au Golf\u00a0\u00bb, vous participez directement au <b>financement de l&rsquo;ensemble de nos actions et projets<\/b>. Ces fonds nous sont pr\u00e9cieux pour :<\/p>\n<ul>\n<li><b>Organiser nos comp\u00e9titions<\/b> de golf au profils d&rsquo;une meilleur prise en charge des AVC.<\/li>\n<li>Et bien s\u00fbr, <b>soutenir des causes importantes<\/b>, <b>entre autres la lutte contre les Accidents Vasculaires C\u00e9r\u00e9braux (AVC)<\/b>.<br \/>\nLes fonds collect\u00e9s pour cette cause est revers\u00e9e \u00e0 des structures de pointe, comme la Clinique de l&rsquo;AIT du CHU de Bordeaux, pour am\u00e9liorer la prise en charge rapide des patients, soutenir l&rsquo;achat d&rsquo;\u00e9quipements m\u00e9dicaux innovants, contribuer \u00e0 la recherche de nouvelles th\u00e9rapies et favoriser l&rsquo;accompagnement des patients et de leurs familles.<\/li>\n<\/ul>\n<p>Votre don est plus qu&rsquo;une somme d&rsquo;argent ; c&rsquo;est un geste d&rsquo;espoir qui aide \u00e0 donner vie \u00e0 nos projets et \u00e0 soutenir ceux qui en ont le plus besoin.<\/p>\n<p><b>Comment faire un don ?<\/b><\/p>\n<p>Il vous suffit de s\u00e9lectionner le montant de votre choix ci-dessous et de suivre les \u00e9tapes s\u00e9curis\u00e9es.<\/p>\n","protected":false},"excerpt":{"rendered":"<p>Votre g\u00e9n\u00e9rosit\u00e9 est le moteur de nos actions ! Sur cette page, nous vous offrons la possibilit\u00e9 de faire un <b>don \u00e0 l&rsquo;association \u00ab\u00a0Les Cigognes au Golf\u00a0\u00bb<\/b> et de devenir un acteur cl\u00e9 dans nos initiatives. Chaque contribution, qu&rsquo;elle soit grande ou petite, est essentielle et nous permet de concr\u00e9tiser nos engagements.<\/p>\n","protected":false},"featured_media":96,"comment_status":"open","ping_status":"closed","template":"","meta":{"_et_pb_use_builder":"","_et_pb_old_content":"","_et_gb_content_width":""},"product_brand":[],"product_cat":[44],"product_tag":[],"class_list":{"0":"post-335","1":"product","2":"type-product","3":"status-publish","4":"has-post-thumbnail","6":"product_cat-soutenir","8":"first","9":"instock","10":"featured","11":"shipping-taxable","12":"purchasable","13":"product-type-variable","14":"has-default-attributes"},"_links":{"self":[{"href":"https:\/\/lescigognesaugolf.fr\/index.php?rest_route=\/wp\/v2\/product\/335","targetHints":{"allow":["GET"]}}],"collection":[{"href":"https:\/\/lescigognesaugolf.fr\/index.php?rest_route=\/wp\/v2\/product"}],"about":[{"href":"https:\/\/lescigognesaugolf.fr\/index.php?rest_route=\/wp\/v2\/types\/product"}],"replies":[{"embeddable":true,"href":"https:\/\/lescigognesaugolf.fr\/index.php?rest_route=%2Fwp%2Fv2%2Fcomments&post=335"}],"wp:featuredmedia":[{"embeddable":true,"href":"https:\/\/lescigognesaugolf.fr\/index.php?rest_route=\/wp\/v2\/media\/96"}],"wp:attachment":[{"href":"https:\/\/lescigognesaugolf.fr\/index.php?rest_route=%2Fwp%2Fv2%2Fmedia&parent=335"}],"wp:term":[{"taxonomy":"product_brand","embeddable":true,"href":"https:\/\/lescigognesaugolf.fr\/index.php?rest_route=%2Fwp%2Fv2%2Fproduct_brand&post=335"},{"taxonomy":"product_cat","embeddable":true,"href":"https:\/\/lescigognesaugolf.fr\/index.php?rest_route=%2Fwp%2Fv2%2Fproduct_cat&post=335"},{"taxonomy":"product_tag","embeddable":true,"href":"https:\/\/lescigognesaugolf.fr\/index.php?rest_route=%2Fwp%2Fv2%2Fproduct_tag&post=335"}],"curies":[{"name":"wp","href":"https:\/\/api.w.org\/{rel}","templated":true}]}}