{"id":843,"date":"2025-08-25T13:19:17","date_gmt":"2025-08-25T11:19:17","guid":{"rendered":"https:\/\/lescigognesaugolf.fr\/?page_id=843"},"modified":"2025-08-25T16:22:50","modified_gmt":"2025-08-25T14:22:50","slug":"ksar-de-fes","status":"publish","type":"page","link":"https:\/\/lescigognesaugolf.fr\/?page_id=843","title":{"rendered":"KSAR de Fes"},"content":{"rendered":"<p>[et_pb_section fb_built=\u00a0\u00bb1&Prime; _builder_version=\u00a0\u00bb4.27.4&Prime; _module_preset=\u00a0\u00bbdefault\u00a0\u00bb global_colors_info=\u00a0\u00bb{}\u00a0\u00bb][et_pb_row column_structure=\u00a0\u00bb1_4,3_4&Prime; _builder_version=\u00a0\u00bb4.27.4&Prime; _module_preset=\u00a0\u00bbdefault\u00a0\u00bb global_colors_info=\u00a0\u00bb{}\u00a0\u00bb][et_pb_column type=\u00a0\u00bb1_4&Prime; _builder_version=\u00a0\u00bb4.27.4&Prime; _module_preset=\u00a0\u00bbdefault\u00a0\u00bb global_colors_info=\u00a0\u00bb{}\u00a0\u00bb][et_pb_image src=\u00a0\u00bbhttps:\/\/lescigognesaugolf.fr\/wp-content\/uploads\/2025\/08\/f3f53b0e-ed63-4573-b16f-b053add47677.jpg\u00a0\u00bb title_text=\u00a0\u00bbf3f53b0e-ed63-4573-b16f-b053add47677&Prime; align=\u00a0\u00bbcenter\u00a0\u00bb _builder_version=\u00a0\u00bb4.27.4&Prime; _module_preset=\u00a0\u00bbdefault\u00a0\u00bb width=\u00a0\u00bb64%\u00a0\u00bb global_colors_info=\u00a0\u00bb{}\u00a0\u00bb][\/et_pb_image][\/et_pb_column][et_pb_column type=\u00a0\u00bb3_4&Prime; _builder_version=\u00a0\u00bb4.27.4&Prime; _module_preset=\u00a0\u00bbdefault\u00a0\u00bb global_colors_info=\u00a0\u00bb{}\u00a0\u00bb][et_pb_text _builder_version=\u00a0\u00bb4.27.4&Prime; _module_preset=\u00a0\u00bbdefault\u00a0\u00bb global_colors_info=\u00a0\u00bb{}\u00a0\u00bb]<\/p>\n<h1 style=\"text-align: left;\">Le Riad Ksar de F\u00e8s<\/h1>\n<p>[\/et_pb_text][\/et_pb_column][\/et_pb_row][et_pb_row column_structure=\u00a0\u00bb1_4,1_2,1_4&Prime; _builder_version=\u00a0\u00bb4.27.4&Prime; _module_preset=\u00a0\u00bbdefault\u00a0\u00bb global_colors_info=\u00a0\u00bb{}\u00a0\u00bb][et_pb_column type=\u00a0\u00bb1_4&Prime; _builder_version=\u00a0\u00bb4.27.4&Prime; _module_preset=\u00a0\u00bbdefault\u00a0\u00bb global_colors_info=\u00a0\u00bb{}\u00a0\u00bb][et_pb_image src=\u00a0\u00bbhttps:\/\/lescigognesaugolf.fr\/wp-content\/uploads\/2025\/08\/DSC_0027b.jpg\u00a0\u00bb title_text=\u00a0\u00bbDSC_0027b\u00a0\u00bb _builder_version=\u00a0\u00bb4.27.4&Prime; _module_preset=\u00a0\u00bbdefault\u00a0\u00bb custom_margin=\u00a0\u00bb-11px||4px|||\u00a0\u00bb hover_enabled=\u00a0\u00bb0&Prime; global_colors_info=\u00a0\u00bb{}\u00a0\u00bb border_radii=\u00a0\u00bbon|30px|30px|30px|30px\u00a0\u00bb sticky_enabled=\u00a0\u00bb0&Prime;][\/et_pb_image][et_pb_image src=\u00a0\u00bbhttps:\/\/lescigognesaugolf.fr\/wp-content\/uploads\/2025\/07\/101289597.jpg\u00a0\u00bb title_text=\u00a0\u00bb101289597&Prime; _builder_version=\u00a0\u00bb4.27.4&Prime; _module_preset=\u00a0\u00bbdefault\u00a0\u00bb hover_enabled=\u00a0\u00bb0&Prime; global_colors_info=\u00a0\u00bb{}\u00a0\u00bb border_radii=\u00a0\u00bbon|30px|30px|30px|30px\u00a0\u00bb sticky_enabled=\u00a0\u00bb0&Prime;][\/et_pb_image][\/et_pb_column][et_pb_column type=\u00a0\u00bb1_2&Prime; _builder_version=\u00a0\u00bb4.27.4&Prime; _module_preset=\u00a0\u00bbdefault\u00a0\u00bb global_colors_info=\u00a0\u00bb{}\u00a0\u00bb][et_pb_text _builder_version=\u00a0\u00bb4.27.4&Prime; _module_preset=\u00a0\u00bbdefault\u00a0\u00bb global_colors_info=\u00a0\u00bb{}\u00a0\u00bb]<\/p>\n<h4 style=\"text-align: center;\">Merci au Riad Le Ksar de F\u00e8s, un Partenaire de Choix<\/h4>\n<p style=\"text-align: justify;\"><span>C&rsquo;est avec une immense joie que nous mettons \u00e0 l&rsquo;honneur notre partenaire,<\/span><span> le <\/span><b class=\"\">Riad Le Ksar de F\u00e8s<\/b><span>.<\/span><span> Loin d&rsquo;\u00eatre un simple \u00e9tablissement,<\/span><span> c&rsquo;est un v\u00e9ritable havre de paix situ\u00e9 \u00e0 quelques minutes de la ville historique de F\u00e8s.<\/span><span> Implant\u00e9 au c\u0153ur d&rsquo;un <\/span><b class=\"\">jardin luxuriant de 3 hectares<\/b><span>,<\/span><span> le Riad Le Ksar de F\u00e8s offre un cadre id\u00e9al pour la d\u00e9tente.<\/span><span> Avec ses <\/span><b class=\"\">3 suites<\/b><span>,<\/span><span> <\/span><b class=\"\">9 chambres<\/b><span> et <\/span><b class=\"\">2 douirias<\/b><span>,<\/span><span> il allie tradition et confort,<\/span><span> le tout avec une vue imprenable sur le Moyen Atlas<\/span>.<\/p>\n<p>[\/et_pb_text][\/et_pb_column][et_pb_column type=\u00a0\u00bb1_4&Prime; _builder_version=\u00a0\u00bb4.27.4&Prime; _module_preset=\u00a0\u00bbdefault\u00a0\u00bb global_colors_info=\u00a0\u00bb{}\u00a0\u00bb][et_pb_image src=\u00a0\u00bbhttps:\/\/lescigognesaugolf.fr\/wp-content\/uploads\/2025\/08\/presentation1.jpg\u00a0\u00bb title_text=\u00a0\u00bbpresentation1&Prime; _builder_version=\u00a0\u00bb4.27.4&Prime; _module_preset=\u00a0\u00bbdefault\u00a0\u00bb custom_margin=\u00a0\u00bb-14px|||||\u00a0\u00bb hover_enabled=\u00a0\u00bb0&Prime; global_colors_info=\u00a0\u00bb{}\u00a0\u00bb border_radii=\u00a0\u00bbon|30px|30px|30px|30px\u00a0\u00bb sticky_enabled=\u00a0\u00bb0&Prime;][\/et_pb_image][et_pb_image src=\u00a0\u00bbhttps:\/\/lescigognesaugolf.fr\/wp-content\/uploads\/2025\/08\/DSC_0032b.jpg\u00a0\u00bb title_text=\u00a0\u00bbDSC_0032b\u00a0\u00bb _builder_version=\u00a0\u00bb4.27.4&Prime; _module_preset=\u00a0\u00bbdefault\u00a0\u00bb min_height=\u00a0\u00bb136.6px\u00a0\u00bb custom_margin=\u00a0\u00bb-22px|||||\u00a0\u00bb hover_enabled=\u00a0\u00bb0&Prime; global_colors_info=\u00a0\u00bb{}\u00a0\u00bb border_radii=\u00a0\u00bbon|30px|30px|30px|30px\u00a0\u00bb sticky_enabled=\u00a0\u00bb0&Prime;][\/et_pb_image][\/et_pb_column][\/et_pb_row][et_pb_row column_structure=\u00a0\u00bb1_3,2_3&Prime; _builder_version=\u00a0\u00bb4.27.4&Prime; _module_preset=\u00a0\u00bbdefault\u00a0\u00bb global_colors_info=\u00a0\u00bb{}\u00a0\u00bb][et_pb_column type=\u00a0\u00bb1_3&Prime; _builder_version=\u00a0\u00bb4.27.4&Prime; _module_preset=\u00a0\u00bbdefault\u00a0\u00bb global_colors_info=\u00a0\u00bb{}\u00a0\u00bb][et_pb_image src=\u00a0\u00bbhttps:\/\/lescigognesaugolf.fr\/wp-content\/uploads\/2025\/07\/IMG_0998-1.jpg\u00a0\u00bb title_text=\u00a0\u00bbIMG_0998 (1)\u00a0\u00bb _builder_version=\u00a0\u00bb4.27.4&Prime; _module_preset=\u00a0\u00bbdefault\u00a0\u00bb custom_padding=\u00a0\u00bb0px|||||\u00a0\u00bb hover_enabled=\u00a0\u00bb0&Prime; global_colors_info=\u00a0\u00bb{}\u00a0\u00bb border_radii=\u00a0\u00bbon|30px|30px|30px|30px\u00a0\u00bb sticky_enabled=\u00a0\u00bb0&Prime;][\/et_pb_image][\/et_pb_column][et_pb_column type=\u00a0\u00bb2_3&Prime; _builder_version=\u00a0\u00bb4.27.4&Prime; _module_preset=\u00a0\u00bbdefault\u00a0\u00bb global_colors_info=\u00a0\u00bb{}\u00a0\u00bb][et_pb_text _builder_version=\u00a0\u00bb4.27.4&Prime; _module_preset=\u00a0\u00bbdefault\u00a0\u00bb custom_margin=\u00a0\u00bb17px|||||\u00a0\u00bb global_colors_info=\u00a0\u00bb{}\u00a0\u00bb]<\/p>\n<h4>Une Tombola Exceptionnelle pour Nos Comp\u00e9titions<\/h4>\n<p style=\"text-align: justify;\">Gr\u00e2ce \u00e0 la g\u00e9n\u00e9rosit\u00e9 de notre partenaire, chaque comp\u00e9tition de l&rsquo;association sera l&rsquo;occasion d&rsquo;une <b>tombola exceptionnelle<\/b>. L&rsquo;heureux gagnant remportera un prix de r\u00eave : <b>une semaine en pension compl\u00e8te<\/b> au Riad Le Ksar de F\u00e8s pour <b>une personne<\/b>, incluant les <b>parties de golf<\/b>. Ce lot, d&rsquo;une <b>valeur de 1280 \u20ac<\/b>, est une chance unique de s&rsquo;immerger dans la culture et le sport marocains.<\/p>\n<p>[\/et_pb_text][\/et_pb_column][\/et_pb_row][et_pb_row _builder_version=\u00a0\u00bb4.27.4&Prime; _module_preset=\u00a0\u00bbdefault\u00a0\u00bb global_colors_info=\u00a0\u00bb{}\u00a0\u00bb][et_pb_column type=\u00a0\u00bb4_4&Prime; _builder_version=\u00a0\u00bb4.27.4&Prime; _module_preset=\u00a0\u00bbdefault\u00a0\u00bb global_colors_info=\u00a0\u00bb{}\u00a0\u00bb][et_pb_text _builder_version=\u00a0\u00bb4.27.4&Prime; _module_preset=\u00a0\u00bbdefault\u00a0\u00bb global_colors_info=\u00a0\u00bb{}\u00a0\u00bb]<\/p>\n<h4 style=\"text-align: center;\">Voyage de R\u00eave \u00e0 F\u00e8s pour Nos Adh\u00e9rents<\/h4>\n<p>[\/et_pb_text][et_pb_video src=\u00a0\u00bbhttps:\/\/youtu.be\/wQFiEccOY9k?si=FH9s1IACGstToQsV\u00a0\u00bb _builder_version=\u00a0\u00bb4.27.4&Prime; _module_preset=\u00a0\u00bbdefault\u00a0\u00bb width=\u00a0\u00bb72%\u00a0\u00bb module_alignment=\u00a0\u00bbcenter\u00a0\u00bb hover_enabled=\u00a0\u00bb0&Prime; sticky_enabled=\u00a0\u00bb0&Prime;][\/et_pb_video][et_pb_text _builder_version=\u00a0\u00bb4.27.4&Prime; _module_preset=\u00a0\u00bbdefault\u00a0\u00bb global_colors_info=\u00a0\u00bb{}\u00a0\u00bb]<\/p>\n<p style=\"text-align: justify;\">Nous sommes ravis d&rsquo;annoncer un <b>voyage unique<\/b> en <b>mai<\/b> pour nos adh\u00e9rents ! Une semaine de d\u00e9couverte et de golf vous attend. Vous s\u00e9journerez en <b>pension compl\u00e8te<\/b> au Riad Le Ksar de F\u00e8s, par groupe de <b>16 personnes<\/b>, dans une ambiance chaleureuse et conviviale.<\/p>\n<p style=\"text-align: justify;\">Le programme golf sera particuli\u00e8rement riche, avec <b>5 parties de golf<\/b> sur des terrains d&rsquo;exception :<\/p>\n<ul>\n<li>\n<p><b>Royal Golf de F\u00e8s :<\/b> Con\u00e7u par Cabell B. Robinson, ce parcours de <b>18 trous<\/b> s&rsquo;\u00e9tend dans une <b>oliveraie<\/b> et est r\u00e9put\u00e9 pour ses plans d&rsquo;eau.<\/p>\n<\/li>\n<li>\n<p><b>Golf de Oued F\u00e8s :<\/b> \u0152uvre de Jonathan Gaunt, ce parcours de <b>18 trous<\/b> suit le lit d&rsquo;une rivi\u00e8re ass\u00e9ch\u00e9e et promet une exp\u00e9rience de jeu m\u00e9morable.<\/p>\n<\/li>\n<li>\n<p><b>Michlifen Golf &amp; Country Club :<\/b> Un parcours spectaculaire de <b>18 trous<\/b> sign\u00e9 par la l\u00e9gende <b>Jack Nicklaus<\/b>, situ\u00e9 \u00e0 <b>1 650 m\u00e8tres d&rsquo;altitude<\/b> au milieu des c\u00e8dres.<\/p>\n<\/li>\n<li>\n<p><b>Royal Golf de Mekn\u00e8s :<\/b> Un parcours de <b>9 trous<\/b> tout \u00e0 fait unique, surnomm\u00e9 le \u00ab\u00a0golf clos\u00a0\u00bb car il est situ\u00e9 \u00e0 l&rsquo;int\u00e9rieur des remparts du Palais Royal.<\/p>\n<\/li>\n<\/ul>\n<p style=\"text-align: justify;\">Ce voyage sera \u00e9galement l&rsquo;occasion de d\u00e9couvrir la richesse culturelle du pays, avec des <b>visites passionnantes<\/b> comme la c\u00e9l\u00e8bre <b>M\u00e9dina de F\u00e8s<\/b> ou un authentique <b>village berb\u00e8re<\/b>. C&rsquo;est un voyage qui promet de lier <b>passion du golf<\/b>, <b>d\u00e9couverte<\/b> et <b>bonne humeur<\/b> !<\/p>\n<p>[\/et_pb_text][et_pb_button button_url=\u00a0\u00bbhttps:\/\/riad-leksardefes.com\/\u00a0\u00bb url_new_window=\u00a0\u00bbon\u00a0\u00bb button_text=\u00a0\u00bbEn savoir plus sur le Riad Ksar de F\u00e8s\u00a0\u00bb button_alignment=\u00a0\u00bbcenter\u00a0\u00bb _builder_version=\u00a0\u00bb4.27.4&Prime; _module_preset=\u00a0\u00bbdefault\u00a0\u00bb global_colors_info=\u00a0\u00bb{}\u00a0\u00bb][\/et_pb_button][\/et_pb_column][\/et_pb_row][\/et_pb_section]<\/p>\n","protected":false},"excerpt":{"rendered":"<p>Le Riad Ksar de F\u00e8sMerci au Riad Le Ksar de F\u00e8s, un Partenaire de Choix C&rsquo;est avec une immense joie que nous mettons \u00e0 l&rsquo;honneur notre partenaire, le Riad Le Ksar de F\u00e8s. Loin d&rsquo;\u00eatre un simple \u00e9tablissement, c&rsquo;est un v\u00e9ritable havre de paix situ\u00e9 \u00e0 quelques minutes de la ville historique de F\u00e8s. Implant\u00e9 [&hellip;]<\/p>\n","protected":false},"author":2,"featured_media":0,"parent":0,"menu_order":0,"comment_status":"closed","ping_status":"closed","template":"","meta":{"_et_pb_use_builder":"on","_et_pb_old_content":"","_et_gb_content_width":"","footnotes":""},"class_list":["post-843","page","type-page","status-publish","hentry"],"_links":{"self":[{"href":"https:\/\/lescigognesaugolf.fr\/index.php?rest_route=\/wp\/v2\/pages\/843","targetHints":{"allow":["GET"]}}],"collection":[{"href":"https:\/\/lescigognesaugolf.fr\/index.php?rest_route=\/wp\/v2\/pages"}],"about":[{"href":"https:\/\/lescigognesaugolf.fr\/index.php?rest_route=\/wp\/v2\/types\/page"}],"author":[{"embeddable":true,"href":"https:\/\/lescigognesaugolf.fr\/index.php?rest_route=\/wp\/v2\/users\/2"}],"replies":[{"embeddable":true,"href":"https:\/\/lescigognesaugolf.fr\/index.php?rest_route=%2Fwp%2Fv2%2Fcomments&post=843"}],"version-history":[{"count":7,"href":"https:\/\/lescigognesaugolf.fr\/index.php?rest_route=\/wp\/v2\/pages\/843\/revisions"}],"predecessor-version":[{"id":895,"href":"https:\/\/lescigognesaugolf.fr\/index.php?rest_route=\/wp\/v2\/pages\/843\/revisions\/895"}],"wp:attachment":[{"href":"https:\/\/lescigognesaugolf.fr\/index.php?rest_route=%2Fwp%2Fv2%2Fmedia&parent=843"}],"curies":[{"name":"wp","href":"https:\/\/api.w.org\/{rel}","templated":true}]}}