{"id":541,"date":"2025-07-27T18:22:44","date_gmt":"2025-07-27T16:22:44","guid":{"rendered":"http:\/\/lescigognesaugolf.fr\/?page_id=541"},"modified":"2025-07-27T18:22:45","modified_gmt":"2025-07-27T16:22:45","slug":"mentions-legales","status":"publish","type":"page","link":"https:\/\/lescigognesaugolf.fr\/?page_id=541","title":{"rendered":"Mentions l\u00e9gales"},"content":{"rendered":"\n[et_pb_section fb_built=\u00a0\u00bb1&Prime; _builder_version=\u00a0\u00bb4.27.4&Prime; _module_preset=\u00a0\u00bbdefault\u00a0\u00bb global_colors_info=\u00a0\u00bb{}\u00a0\u00bb][et_pb_row _builder_version=\u00a0\u00bb4.27.4&Prime; _module_preset=\u00a0\u00bbdefault\u00a0\u00bb global_colors_info=\u00a0\u00bb{}\u00a0\u00bb][et_pb_column type=\u00a0\u00bb4_4&Prime; _builder_version=\u00a0\u00bb4.27.4&Prime; _module_preset=\u00a0\u00bbdefault\u00a0\u00bb global_colors_info=\u00a0\u00bb{}\u00a0\u00bb][et_pb_text _builder_version=\u00a0\u00bb4.27.4&Prime; _module_preset=\u00a0\u00bbdefault\u00a0\u00bb custom_padding=\u00a0\u00bb||0px|||\u00a0\u00bb global_colors_info=\u00a0\u00bb{}\u00a0\u00bb]<h3>Mentions L\u00e9gales<\/h3>\n<p>Conform\u00e9ment aux dispositions de la loi n\u00b0 2004-575 du 21 juin 2004 pour la confiance en l&rsquo;\u00e9conomie num\u00e9rique, il est pr\u00e9cis\u00e9 aux utilisateurs du site \u00ab\u00a0Les Cigognes au Golf\u00a0\u00bb l&rsquo;identit\u00e9 des diff\u00e9rents intervenants dans le cadre de sa r\u00e9alisation et de son suivi.<\/p>\n<h4>1. \u00c9diteur du site<\/h4>\n<p><b>Nom de l&rsquo;association :<\/b> Les Cigognes au Golf <br \/><b>Forme juridique :<\/b> Association loi 1901 <br \/><b>Date de cr\u00e9ation :<\/b> 29 mai 2025 <br \/><b>Si\u00e8ge social :<\/b> 2 avenue de la Vigne, 33370 Artigues-pr\u00e8s-Bordeaux, France <br \/><b>Contact :<\/b> Le contact de l&rsquo;association s&rsquo;effectue via le formulaire de contact disponible sur le site internet. <br \/><b>Num\u00e9ro RNA (R\u00e9pertoire National des Associations) :<\/b> W332036295<\/p>\n<p>&nbsp;<\/p>\n<h4>2. Directeur de la publication<\/h4>\n<p>Le directeur de la publication du site est <b>Mah\u00e9 MONNET<\/b>, en sa qualit\u00e9 de Pr\u00e9sidente.<\/p>\n<p>&nbsp;<\/p>\n<h4>3. H\u00e9bergement du site<\/h4>\n<p>Le site \u00ab\u00a0Les Cigognes au Golf\u00a0\u00bb est h\u00e9berg\u00e9 par :<\/p>\n<p><b>Nom de l&rsquo;h\u00e9bergeur :<\/b> <br \/><b>Adresse :<\/b> [<br \/>\u00a0<b>Num\u00e9ro de t\u00e9l\u00e9phone :<\/b> <br \/><b>Site web :<\/b>\u00a0<\/p>\n<p>&nbsp;<\/p>\n<h4>4. Propri\u00e9t\u00e9 intellectuelle et contrefa\u00e7ons<\/h4>\n<p>L&rsquo;association \u00ab\u00a0Les Cigognes au Golf\u00a0\u00bb est propri\u00e9taire des droits de propri\u00e9t\u00e9 intellectuelle et d\u00e9tient les droits d\u2019usage sur tous les \u00e9l\u00e9ments accessibles sur le site internet, notamment les textes, images, graphismes, logos, vid\u00e9os, ic\u00f4nes et sons. Le logo de l&rsquo;association est la propri\u00e9t\u00e9 exclusive de l&rsquo;Association \u00ab\u00a0Les Cigognes au Golf\u00a0\u00bb.<\/p>\n<p>Toute reproduction, repr\u00e9sentation, modification, publication, adaptation de tout ou partie des \u00e9l\u00e9ments du site, quel que soit le moyen ou le proc\u00e9d\u00e9 utilis\u00e9, est interdite, sauf autorisation \u00e9crite pr\u00e9alable de : Les Cigognes au Golf.<\/p>\n<p>Toute exploitation non autoris\u00e9e du site ou de l\u2019un quelconque des \u00e9l\u00e9ments qu\u2019il contient sera consid\u00e9r\u00e9e comme constitutive d\u2019une contrefa\u00e7on et poursuivie conform\u00e9ment aux dispositions des articles L.335-2 et suivants du Code de Propri\u00e9t\u00e9 Intellectuelle.<\/p>\n<p>&nbsp;<\/p>\n<h4>5. Limitations de responsabilit\u00e9<\/h4>\n<p>L&rsquo;association \u00ab\u00a0Les Cigognes au Golf\u00a0\u00bb ne pourra \u00eatre tenue responsable des dommages directs et indirects caus\u00e9s au mat\u00e9riel de l\u2019utilisateur, lors de l\u2019acc\u00e8s au site internet, et r\u00e9sultant soit de l\u2019utilisation d\u2019un mat\u00e9riel ne r\u00e9pondant pas aux sp\u00e9cifications indiqu\u00e9es au point 4, soit de l\u2019apparition d\u2019un bug ou d\u2019une incompatibilit\u00e9.<\/p>\n<p>L&rsquo;association \u00ab\u00a0Les Cigognes au Golf\u00a0\u00bb ne pourra \u00e9galement \u00eatre tenue responsable des dommages indirects (tels par exemple qu\u2019une perte de march\u00e9 ou perte d\u2019une chance) cons\u00e9cutifs \u00e0 l\u2019utilisation du site.<\/p>\n<p>Des espaces interactifs (possibilit\u00e9 de poser des questions via le formulaire de contact) sont \u00e0 la disposition des utilisateurs. Les Cigognes au Golf se r\u00e9serve le droit de supprimer, sans mise en demeure pr\u00e9alable, tout contenu d\u00e9pos\u00e9 dans cet espace qui contreviendrait \u00e0 la l\u00e9gislation applicable en France, en particulier aux dispositions relatives \u00e0 la protection des donn\u00e9es.<\/p>\n<p>Le cas \u00e9ch\u00e9ant, Les Cigognes au Golf se r\u00e9serve \u00e9galement la possibilit\u00e9 de mettre en cause la responsabilit\u00e9 civile et\/ou p\u00e9nale de l\u2019utilisateur, notamment en cas de message <span class=\"citation-41 citation-end-41\">\u00e0 caract\u00e8re raciste, injurieux, diffamant, ou pornographique, quel que soit le support utilis\u00e9 (texte, photographie\u2026).<source-footnote ng-version=\"0.0.0-PLACEHOLDER\" _nghost-ng-c321789109=\"\"><sup _ngcontent-ng-c321789109=\"\" class=\"superscript\" data-turn-source-index=\"1\"><\/sup><\/source-footnote><\/span><sources-carousel-inline ng-version=\"0.0.0-PLACEHOLDER\" _nghost-ng-c2469526208=\"\"><source-inline-chips _ngcontent-ng-c2469526208=\"\" _nghost-ng-c786323692=\"\" class=\"ng-star-inserted\"><source-inline-chip _ngcontent-ng-c786323692=\"\" _nghost-ng-c186228287=\"\" class=\"ng-star-inserted\"><\/source-inline-chip><\/source-inline-chips><\/sources-carousel-inline><\/p>\n<div _ngcontent-ng-c186228287=\"\" class=\"source-inline-chip-container ng-star-inserted\"><\/div>\n<p>&nbsp;<\/p>\n<p>&nbsp;<\/p>\n<h4><span class=\"citation-40 citation-end-40\">6. Droit applicable et attribution de juridiction<source-footnote ng-version=\"0.0.0-PLACEHOLDER\" _nghost-ng-c321789109=\"\"><sup _ngcontent-ng-c321789109=\"\" class=\"superscript\" data-turn-source-index=\"2\"><\/sup><\/source-footnote><\/span><\/h4>\n<p><span class=\"citation-39 citation-end-39\">Tout litige en relation avec l\u2019utilisation du site<source-footnote ng-version=\"0.0.0-PLACEHOLDER\" _nghost-ng-c321789109=\"\"><sup _ngcontent-ng-c321789109=\"\" class=\"superscript\" data-turn-source-index=\"3\"><\/sup><\/source-footnote><\/span> \u00ab\u00a0Les Cigognes au Golf\u00a0\u00bb est soumis au droit fran\u00e7ais. En dehors des cas o\u00f9 la loi ne le permet pas, il est fait attribution exclusive de juridiction aux tribunaux comp\u00e9tents d&rsquo;Artigues-pr\u00e8s-Bordeaux.<\/p>[\/et_pb_text][\/et_pb_column][\/et_pb_row][\/et_pb_section]\n","protected":false},"excerpt":{"rendered":"<p>Mentions L\u00e9gales Conform\u00e9ment aux dispositions de la loi n\u00b0 2004-575 du 21 juin 2004 pour la confiance en l&rsquo;\u00e9conomie num\u00e9rique, il est pr\u00e9cis\u00e9 aux utilisateurs du site \u00ab\u00a0Les Cigognes au Golf\u00a0\u00bb l&rsquo;identit\u00e9 des diff\u00e9rents intervenants dans le cadre de sa r\u00e9alisation et de son suivi. 1. \u00c9diteur du site Nom de l&rsquo;association : Les Cigognes [&hellip;]<\/p>\n","protected":false},"author":2,"featured_media":0,"parent":0,"menu_order":0,"comment_status":"closed","ping_status":"closed","template":"","meta":{"_et_pb_use_builder":"on","_et_pb_old_content":"","_et_gb_content_width":"","footnotes":""},"class_list":["post-541","page","type-page","status-publish","hentry"],"_links":{"self":[{"href":"https:\/\/lescigognesaugolf.fr\/index.php?rest_route=\/wp\/v2\/pages\/541","targetHints":{"allow":["GET"]}}],"collection":[{"href":"https:\/\/lescigognesaugolf.fr\/index.php?rest_route=\/wp\/v2\/pages"}],"about":[{"href":"https:\/\/lescigognesaugolf.fr\/index.php?rest_route=\/wp\/v2\/types\/page"}],"author":[{"embeddable":true,"href":"https:\/\/lescigognesaugolf.fr\/index.php?rest_route=\/wp\/v2\/users\/2"}],"replies":[{"embeddable":true,"href":"https:\/\/lescigognesaugolf.fr\/index.php?rest_route=%2Fwp%2Fv2%2Fcomments&post=541"}],"version-history":[{"count":4,"href":"https:\/\/lescigognesaugolf.fr\/index.php?rest_route=\/wp\/v2\/pages\/541\/revisions"}],"predecessor-version":[{"id":553,"href":"https:\/\/lescigognesaugolf.fr\/index.php?rest_route=\/wp\/v2\/pages\/541\/revisions\/553"}],"wp:attachment":[{"href":"https:\/\/lescigognesaugolf.fr\/index.php?rest_route=%2Fwp%2Fv2%2Fmedia&parent=541"}],"curies":[{"name":"wp","href":"https:\/\/api.w.org\/{rel}","templated":true}]}}