{"id":1203,"date":"2025-10-20T14:46:44","date_gmt":"2025-10-20T12:46:44","guid":{"rendered":"https:\/\/lescigognesaugolf.fr\/?page_id=1203"},"modified":"2026-04-07T15:23:47","modified_gmt":"2026-04-07T13:23:47","slug":"bodyhouse","status":"publish","type":"page","link":"https:\/\/lescigognesaugolf.fr\/?page_id=1203","title":{"rendered":"BodyHouse"},"content":{"rendered":"<p>[et_pb_section fb_built=\u00a0\u00bb1&Prime; _builder_version=\u00a0\u00bb4.27.4&Prime; _module_preset=\u00a0\u00bbdefault\u00a0\u00bb][et_pb_row column_structure=\u00a0\u00bb2_5,3_5&Prime; _builder_version=\u00a0\u00bb4.27.4&Prime; _module_preset=\u00a0\u00bbdefault\u00a0\u00bb global_colors_info=\u00a0\u00bb{}\u00a0\u00bb][et_pb_column type=\u00a0\u00bb2_5&Prime; _builder_version=\u00a0\u00bb4.27.4&Prime; _module_preset=\u00a0\u00bbdefault\u00a0\u00bb global_colors_info=\u00a0\u00bb{}\u00a0\u00bb][et_pb_image src=\u00a0\u00bbhttps:\/\/lescigognesaugolf.fr\/wp-content\/uploads\/2026\/04\/Body-House.jpg\u00a0\u00bb title_text=\u00a0\u00bbBody House\u00a0\u00bb _builder_version=\u00a0\u00bb4.27.4&Prime; _module_preset=\u00a0\u00bbdefault\u00a0\u00bb hover_enabled=\u00a0\u00bb0&Prime; global_colors_info=\u00a0\u00bb{}\u00a0\u00bb sticky_enabled=\u00a0\u00bb0&Prime; module_alignment=\u00a0\u00bbcenter\u00a0\u00bb][\/et_pb_image][\/et_pb_column][et_pb_column type=\u00a0\u00bb3_5&Prime; _builder_version=\u00a0\u00bb4.27.4&Prime; _module_preset=\u00a0\u00bbdefault\u00a0\u00bb global_colors_info=\u00a0\u00bb{}\u00a0\u00bb][et_pb_text _builder_version=\u00a0\u00bb4.27.4&Prime; _module_preset=\u00a0\u00bbdefault\u00a0\u00bb global_colors_info=\u00a0\u00bb{}\u00a0\u00bb]<\/p>\n<h1 style=\"text-align: center;\"><span style=\"color: #720a2d;\">BODYHOUSE<\/span><\/h1>\n<p>[\/et_pb_text][\/et_pb_column][\/et_pb_row][et_pb_row column_structure=\u00a0\u00bb1_3,2_3&Prime; _builder_version=\u00a0\u00bb4.27.4&Prime; _module_preset=\u00a0\u00bbdefault\u00a0\u00bb global_colors_info=\u00a0\u00bb{}\u00a0\u00bb][et_pb_column type=\u00a0\u00bb1_3&Prime; _builder_version=\u00a0\u00bb4.27.4&Prime; _module_preset=\u00a0\u00bbdefault\u00a0\u00bb global_colors_info=\u00a0\u00bb{}\u00a0\u00bb][et_pb_image src=\u00a0\u00bbhttps:\/\/lescigognesaugolf.fr\/wp-content\/uploads\/2025\/10\/Body-House-Bordeaux-Sainte-Eulalie-Boutique-Rotique_87306a97800e73b880fdad65035fe764.jpg\u00a0\u00bb title_text=\u00a0\u00bbBody-House-Bordeaux-Sainte-Eulalie-Boutique-Rotique_87306a97800e73b880fdad65035fe764&Prime; align=\u00a0\u00bbcenter\u00a0\u00bb _builder_version=\u00a0\u00bb4.27.4&Prime; _module_preset=\u00a0\u00bbdefault\u00a0\u00bb width=\u00a0\u00bb85%\u00a0\u00bb module_alignment=\u00a0\u00bbcenter\u00a0\u00bb custom_padding=\u00a0\u00bb0px|||||\u00a0\u00bb border_radii=\u00a0\u00bbon|30px|30px|30px|30px\u00a0\u00bb global_colors_info=\u00a0\u00bb{}\u00a0\u00bb][\/et_pb_image][\/et_pb_column][et_pb_column type=\u00a0\u00bb2_3&Prime; _builder_version=\u00a0\u00bb4.27.4&Prime; _module_preset=\u00a0\u00bbdefault\u00a0\u00bb global_colors_info=\u00a0\u00bb{}\u00a0\u00bb][et_pb_text _builder_version=\u00a0\u00bb4.27.4&Prime; _module_preset=\u00a0\u00bbdefault\u00a0\u00bb custom_margin=\u00a0\u00bb0px|||||\u00a0\u00bb global_colors_info=\u00a0\u00bb{}\u00a0\u00bb]<\/p>\n<h4><span style=\"color: #720a2d;\">BodyHouse : l\u2019\u00c9panouissement par l\u2019\u00c9coute<\/span><\/h4>\n<p style=\"text-align: justify;\"><span style=\"color: #720a2d;\">Nous sommes ravis d&rsquo;annoncer notre partenariat avec <b>BodyHouse<\/b>, un centre qui se distingue par son approche du <b>bien-\u00eatre intime<\/b> et de l&rsquo;<b>\u00e9panouissement personnel<\/b>. Situ\u00e9e \u00e0 <b>Sainte-Eulalie<\/b> pr\u00e8s de Bordeaux, cette enseigne fran\u00e7aise \u0153uvre depuis plus de quinze ans en faveur de l&rsquo;<b>\u00e9mancipation sexuelle<\/b>, notamment f\u00e9minine. BodyHouse se positionne comme un lieu d\u2019<b>accueil bienveillant<\/b> et d\u2019<b>\u00e9coute professionnelle<\/b>, loin des pr\u00e9jug\u00e9s, o\u00f9 l&rsquo;on prend soin de l&rsquo;intimit\u00e9 de chaque personne.<\/span><\/p>\n<p>[\/et_pb_text][\/et_pb_column][\/et_pb_row][et_pb_row column_structure=\u00a0\u00bb1_3,2_3&Prime; _builder_version=\u00a0\u00bb4.27.4&Prime; _module_preset=\u00a0\u00bbdefault\u00a0\u00bb global_colors_info=\u00a0\u00bb{}\u00a0\u00bb][et_pb_column type=\u00a0\u00bb1_3&Prime; _builder_version=\u00a0\u00bb4.27.4&Prime; _module_preset=\u00a0\u00bbdefault\u00a0\u00bb global_colors_info=\u00a0\u00bb{}\u00a0\u00bb][et_pb_image src=\u00a0\u00bbhttps:\/\/lescigognesaugolf.fr\/wp-content\/uploads\/2025\/10\/IMG_5336-scaled.jpg\u00a0\u00bb title_text=\u00a0\u00bbIMG_5336&Prime; align=\u00a0\u00bbcenter\u00a0\u00bb _builder_version=\u00a0\u00bb4.27.4&Prime; _module_preset=\u00a0\u00bbdefault\u00a0\u00bb width=\u00a0\u00bb100%\u00a0\u00bb module_alignment=\u00a0\u00bbcenter\u00a0\u00bb custom_padding=\u00a0\u00bb0px|||||\u00a0\u00bb border_radii=\u00a0\u00bbon|30px|30px|30px|30px\u00a0\u00bb global_colors_info=\u00a0\u00bb{}\u00a0\u00bb][\/et_pb_image][\/et_pb_column][et_pb_column type=\u00a0\u00bb2_3&Prime; _builder_version=\u00a0\u00bb4.27.4&Prime; _module_preset=\u00a0\u00bbdefault\u00a0\u00bb global_colors_info=\u00a0\u00bb{}\u00a0\u00bb][et_pb_text _builder_version=\u00a0\u00bb4.27.4&Prime; _module_preset=\u00a0\u00bbdefault\u00a0\u00bb custom_margin=\u00a0\u00bb0px|||||\u00a0\u00bb global_colors_info=\u00a0\u00bb{}\u00a0\u00bb]<\/p>\n<h4><span style=\"color: #720a2d;\">Expertise, \u00c9thique et S\u00e9lection de Qualit\u00e9<\/span><\/h4>\n<p style=\"text-align: justify;\"><span style=\"color: #720a2d;\">L&rsquo;\u00e9quipe de BodyHouse se compose de <b>professionnelles form\u00e9es en sexologie<\/b> et en conseil, dont le r\u00f4le est d&rsquo;accompagner les clients dans la d\u00e9couverte de produits intimes avec <b>sensibilit\u00e9, p\u00e9dagogie et respect<\/b>. Leur mission principale est de <b>briser les tabous<\/b> et de permettre \u00e0 chacun de vivre une sexualit\u00e9 <b>libre et joyeuse<\/b>. Leurs prestations se concentrent sur une s\u00e9lection rigoureuse de produits de <b>grande qualit\u00e9<\/b>, allant des <b>sextoys<\/b> aux <b>cosm\u00e9tiques intimes<\/b> en passant par la <b>lingerie fine<\/b>. L&rsquo;<b>\u00e9thique<\/b> est au c\u0153ur de leur d\u00e9marche, assurant le respect du bien-\u00eatre intime, la <b>discr\u00e9tion<\/b> des achats, et m\u00eame le <b>recyclage des anciens jouets intimes<\/b> pour une approche responsable.<\/span><\/p>\n<p>[\/et_pb_text][\/et_pb_column][\/et_pb_row][et_pb_row column_structure=\u00a0\u00bb1_3,2_3&Prime; _builder_version=\u00a0\u00bb4.27.4&Prime; _module_preset=\u00a0\u00bbdefault\u00a0\u00bb global_colors_info=\u00a0\u00bb{}\u00a0\u00bb][et_pb_column type=\u00a0\u00bb1_3&Prime; _builder_version=\u00a0\u00bb4.27.4&Prime; _module_preset=\u00a0\u00bbdefault\u00a0\u00bb global_colors_info=\u00a0\u00bb{}\u00a0\u00bb][et_pb_image src=\u00a0\u00bbhttps:\/\/lescigognesaugolf.fr\/wp-content\/uploads\/2025\/10\/685271bd3000005a2fb23865.jpg\u00a0\u00bb title_text=\u00a0\u00bb685271bd3000005a2fb23865&Prime; align=\u00a0\u00bbcenter\u00a0\u00bb _builder_version=\u00a0\u00bb4.27.4&Prime; _module_preset=\u00a0\u00bbdefault\u00a0\u00bb width=\u00a0\u00bb100%\u00a0\u00bb module_alignment=\u00a0\u00bbcenter\u00a0\u00bb custom_padding=\u00a0\u00bb0px|||||\u00a0\u00bb border_radii=\u00a0\u00bbon|30px|30px|30px|30px\u00a0\u00bb global_colors_info=\u00a0\u00bb{}\u00a0\u00bb][\/et_pb_image][\/et_pb_column][et_pb_column type=\u00a0\u00bb2_3&Prime; _builder_version=\u00a0\u00bb4.27.4&Prime; _module_preset=\u00a0\u00bbdefault\u00a0\u00bb global_colors_info=\u00a0\u00bb{}\u00a0\u00bb][et_pb_text _builder_version=\u00a0\u00bb4.27.4&Prime; _module_preset=\u00a0\u00bbdefault\u00a0\u00bb custom_margin=\u00a0\u00bb0px|||||\u00a0\u00bb global_colors_info=\u00a0\u00bb{}\u00a0\u00bb]<\/p>\n<h4><span style=\"color: #720a2d;\">Un Partenariat Mettant le Plaisir du Jeu \u00e0 l&rsquo;Honneur<\/span><\/h4>\n<p><span style=\"color: #720a2d;\">L&rsquo;engagement de BodyHouse prendra une forme enthousiasmante lors de nos \u00e9v\u00e9nements. Pour nos comp\u00e9titions caritatives, l&rsquo;enseigne offrira une <b>dotation pleine de surprises<\/b> aux participants. <\/span><br \/><span style=\"color: #720a2d;\">Pour la finale \u00e0 Teynac, une <b>grande surprise<\/b> sera r\u00e9serv\u00e9e \u00e0 l&rsquo;ensemble des convives durant le <b>d\u00eener de gala<\/b>. <\/span><br \/><span style=\"color: #720a2d;\">BodyHouse sera \u00e9galement pr\u00e9sente avec un <b>stand d\u00e9di\u00e9<\/b> lors de chaque comp\u00e9tition, juste avant les remises des prix, pour pr\u00e9senter la <b>qualit\u00e9 de leurs produits<\/b> et partager leur <b>expertise<\/b> avec tous ceux qui souhaitent en apprendre davantage sur le bien-\u00eatre intime.<\/span><\/p>\n<p><span style=\"color: #720a2d;\">Alors \u00e0 vous de swinguer!!!<\/span><\/p>\n<p>[\/et_pb_text][\/et_pb_column][\/et_pb_row][et_pb_row _builder_version=\u00a0\u00bb4.27.4&Prime; _module_preset=\u00a0\u00bbdefault\u00a0\u00bb global_colors_info=\u00a0\u00bb{}\u00a0\u00bb][et_pb_column type=\u00a0\u00bb4_4&Prime; _builder_version=\u00a0\u00bb4.27.4&Prime; _module_preset=\u00a0\u00bbdefault\u00a0\u00bb global_colors_info=\u00a0\u00bb{}\u00a0\u00bb][et_pb_button button_url=\u00a0\u00bbhttps:\/\/bodyhouse.fr\/magasins\/14-st-eulalie\u00a0\u00bb url_new_window=\u00a0\u00bbon\u00a0\u00bb button_text=\u00a0\u00bbEn savoir plus sur BodyHouse de Sainte Eulalie\u00a0\u00bb button_alignment=\u00a0\u00bbcenter\u00a0\u00bb _builder_version=\u00a0\u00bb4.27.4&Prime; _module_preset=\u00a0\u00bbdefault\u00a0\u00bb global_colors_info=\u00a0\u00bb{}\u00a0\u00bb][\/et_pb_button][\/et_pb_column][\/et_pb_row][\/et_pb_section]<\/p>\n","protected":false},"excerpt":{"rendered":"<p>BODYHOUSEBodyHouse : l\u2019\u00c9panouissement par l\u2019\u00c9coute Nous sommes ravis d&rsquo;annoncer notre partenariat avec BodyHouse, un centre qui se distingue par son approche du bien-\u00eatre intime et de l&rsquo;\u00e9panouissement personnel. Situ\u00e9e \u00e0 Sainte-Eulalie pr\u00e8s de Bordeaux, cette enseigne fran\u00e7aise \u0153uvre depuis plus de quinze ans en faveur de l&rsquo;\u00e9mancipation sexuelle, notamment f\u00e9minine. BodyHouse se positionne comme un [&hellip;]<\/p>\n","protected":false},"author":2,"featured_media":0,"parent":0,"menu_order":0,"comment_status":"closed","ping_status":"closed","template":"","meta":{"_et_pb_use_builder":"on","_et_pb_old_content":"","_et_gb_content_width":"","footnotes":""},"class_list":["post-1203","page","type-page","status-publish","hentry"],"_links":{"self":[{"href":"https:\/\/lescigognesaugolf.fr\/index.php?rest_route=\/wp\/v2\/pages\/1203","targetHints":{"allow":["GET"]}}],"collection":[{"href":"https:\/\/lescigognesaugolf.fr\/index.php?rest_route=\/wp\/v2\/pages"}],"about":[{"href":"https:\/\/lescigognesaugolf.fr\/index.php?rest_route=\/wp\/v2\/types\/page"}],"author":[{"embeddable":true,"href":"https:\/\/lescigognesaugolf.fr\/index.php?rest_route=\/wp\/v2\/users\/2"}],"replies":[{"embeddable":true,"href":"https:\/\/lescigognesaugolf.fr\/index.php?rest_route=%2Fwp%2Fv2%2Fcomments&post=1203"}],"version-history":[{"count":4,"href":"https:\/\/lescigognesaugolf.fr\/index.php?rest_route=\/wp\/v2\/pages\/1203\/revisions"}],"predecessor-version":[{"id":1277,"href":"https:\/\/lescigognesaugolf.fr\/index.php?rest_route=\/wp\/v2\/pages\/1203\/revisions\/1277"}],"wp:attachment":[{"href":"https:\/\/lescigognesaugolf.fr\/index.php?rest_route=%2Fwp%2Fv2%2Fmedia&parent=1203"}],"curies":[{"name":"wp","href":"https:\/\/api.w.org\/{rel}","templated":true}]}}